-130*f. What is the highest common divisor of f and 25?
25
Let y be -549 + (-11 - -4 - -4). Let f = 759 + y. Calculate the highest common divisor of f and 27.
9
Let f be 2 - (-1 + 85)/(-1). What is the greatest common factor of f and 4687?
43
Suppose w = -2*c + 881, 3*w - 961 = -2*c - 82. Suppose -2*b = 387 - c. Suppose -3*y - y = -180. Calculate the greatest common divisor of b and y.
9
Suppose -12*d - 277 = -337. Suppose 0 = a - 2*o - 30, -97 - 17 = -d*a - 2*o. What is the highest common factor of 300 and a?
12
Suppose -255 = -39*m + 135. Let i(r) = -2*r**2 + 26*r - 32. Let z be i(m). Calculate the greatest common factor of 14 and z.
14
Suppose -953*s = -936*s - 42177. What is the greatest common factor of 3 and s?
3
Suppose -9 = -12*z + 665 + 574. Calculate the greatest common divisor of 2392 and z.
104
Let k(t) = t**3 - 29*t**2 + 216*t - 89. Let j be k(13). Suppose 0*m - 2*m = -8. Suppose -m*o + 430 = -110. Calculate the greatest common divisor of o and j.
15
Suppose -5*p = 25, 4*l - 166 - 119 = 5*p. Calculate the highest common factor of l and 625.
5
Let n be (8/(-6))/(1/(-369)). Let k(y) = 35*y**2 - 7*y + 8. Let d be k(1). Calculate the highest common divisor of d and n.
12
Let t(y) = 125*y**3 - 14*y**2 + 55*y - 27. Let p be t(3). Calculate the highest common factor of p and 3.
3
Let g(v) = -v**2 - 23*v + 45. Let w be g(-25). Let p be (-728)/(-70) + 2/w. Calculate the highest common divisor of 20 and p.
10
Suppose 12*x - 38 - 7 = 27. Let l = 31 - 22. What is the highest common factor of x and l?
3
Suppose -2*p - 146 = -3*a, -142 = 5*p - 2*a + 212. Let j = p + 166. Let l(y) = 2*y**2 - 6*y + 4. Let u be l(5). Calculate the highest common factor of u and j.
24
Let b be (45/39 - (-2)/(-13))*17. Suppose 6*u - 83 = 7*u. Let j = 117 + u. What is the greatest common divisor of b and j?
17
Let c = -4231 + 4438. Calculate the highest common divisor of 261 and c.
9
Let l(y) = 171*y + 1106. Let p be l(-6). What is the greatest common divisor of p and 24?
8
Suppose -3*j + 5*i + 6 = 0, 20 = -0*j + 5*j - 5*i. Let y(g) = 96*g + 152. Let p be y(4). Let h = 585 - p. What is the highest common factor of j and h?
7
Suppose 12*f + 1080 = -6*f. Let g = f + 98. Calculate the greatest common factor of g and 4.
2
Let q = 277 - 261. Let u(d) = d + 45. Let y be u(q). Calculate the highest common factor of 244 and y.
61
Let f be ((-56)/(-32) + -5)/((-3)/72). Calculate the greatest common factor of f and 1482.
78
Let t = 30416 + -30392. What is the greatest common factor of t and 1128?
24
Let v be 4*9/144*184. Suppose 2*l = -10*l + 48. What is the greatest common factor of v and l?
2
Suppose 2*f + q - 6812 = 0, -304*q + 6818 = 2*f - 300*q. Calculate the greatest common divisor of 15 and f.
15
Suppose 4*j = 4 + 8. Let q be (-4)/((-40)/(-225))*20/(-6). What is the highest common divisor of j and q?
3
Let d(a) = -5650*a + 9. Let m be d(0). Suppose -2*n - 135 = -7*n. What is the highest common factor of m and n?
9
Suppose -2*t + 2636 - 386 = 3*r, 3*t + 3034 = 4*r. What is the highest common divisor of 182 and r?
26
Let l = 384 - 382. Suppose -2*n = l*t - 26, -5*n + 4*n = -4*t + 72. What is the greatest common factor of 51 and t?
17
Let t(y) = -72*y + 150. Let n be t(-5). Suppose n = 3*p + 81. What is the highest common divisor of 11 and p?
11
Suppose 3*r - 4*w - 48 = -197, -5*w = 20. Let t = r + 71. Suppose -t = -f + 47. Calculate the greatest common factor of 7 and f.
7
Let p = -291 + 285. Let b = -20 - -29. Let q be p/((-68)/252 + 2/b). What is the highest common factor of 28 and q?
14
Let l(b) = -33*b**2 - 5611*b + 6. Let d be l(-170). What is the highest common divisor of 2519 and d?
11
Let x(r) = 11*r**3 - 22*r**2 + 10*r - 1. Let l be x(3). Let v be (-4)/6*4*-3. What is the greatest common divisor of l and v?
8
Let u(i) = 4*i**2 - 52*i + 156. Let m be u(60). What is the highest common divisor of 12 and m?
12
Suppose 0 + 2 = -2*x. Let j be (-84)/(-45) + x*(-6)/45. Let h be 44/3*9/j. What is the greatest common factor of h and 22?
22
Let s(c) = c**3 + 4*c**2 - 7*c + 5. Let n be s(6). Let d = n + -308. Calculate the greatest common factor of d and 25.
5
Let q be ((-59006)/815)/(1/(2*-15)). Calculate the highest common factor of q and 1267.
181
Suppose 168*o + 56*o + 4949 = 18165. What is the greatest common factor of o and 6431?
59
Let b = 74 + 30. Calculate the highest common factor of b and 117.
13
Let c = 8543 + -7253. Calculate the greatest common divisor of c and 270.
30
Let h be -61 + (1*(-3 - -2))/(-1). Let w = h + 60. Suppose 4*f - 15 - 13 = w. What is the highest common divisor of f and 21?
7
Suppose -3311 = -39*b + 13654. Suppose 0 = 15*p - b - 525. Calculate the highest common factor of 72 and p.
8
Suppose -3*z - 2*k = -12114, -10*k = 4*z - 15*k - 16083. Calculate the greatest common factor of z and 462.
42
Let a = 17172 + -17114. Suppose 7*q - 4*q = 6. What is the greatest common divisor of a and q?
2
Suppose -3*i = 154*d - 158*d + 2, 14 = -i + 3*d. What is the greatest common divisor of i and 8290?
10
Let v = 13923 + -13491. What is the greatest common factor of 208 and v?
16
Let s = -73 + 75. Suppose 44 = s*n - 4. Let x(w) = -w**3 + 11*w**2 + 6*w + 26. Let k be x(7). Calculate the highest common factor of n and k.
24
Let r(u) = -30*u - 374. Let h be (15 - 2)*(1 + -2). Let q be r(h). What is the greatest common factor of 464 and q?
16
Let h be ((2 + -3)/(-5))/(31/155). Let c be ((-217)/(-14) - 2)/(h/2). Let k = 15 + -12. What is the greatest common factor of k and c?
3
Suppose 18 - 210 = 6*o. Let l be ((-6)/(-4))/((-6)/o). Suppose -15 = -5*z, -3*t = -l*t + 3*z + 141. Calculate the highest common divisor of 15 and t.
15
Let f = 29 - -6. Let w = -9 + f. Calculate the highest common factor of w and 702.
26
Let s be ((2 + 0 + 0)*2)/2. Suppose -j = 2*j + b - 22, s*j - 5*b - 26 = 0. Suppose -7*z + 352 = -3*z. Calculate the highest common divisor of j and z.
8
Suppose 0 = t + k - 137, 5*t + 7*k = 10*k + 693. What is the highest common divisor of t and 54?
6
Suppose -8 = 2*w, -111 = -0*p - 3*p + 3*w. Suppose 7 = 6*k - 5. Suppose -3*d - k*v + 31 = 0, 2*d + 2*v + 5 = 25. What is the greatest common divisor of p and d?
11
Let m = 56 - 30. Let f = -25906 - -26153. Calculate the greatest common divisor of f and m.
13
Let p = 28 - 31. Let n be (-42174)/(-176) + p/(-8). What is the greatest common divisor of n and 30?
30
Suppose -2*p = -14*p + 2772. Let d = -222 + p. Calculate the highest common divisor of 63 and d.
9
Suppose 0 = -11*r + 145 + 5267. Suppose -35*v + 147 - 7 = 0. What is the greatest common factor of v and r?
4
Suppose -34*d + 49*d - 92 = -32. What is the highest common factor of d and 4996?
4
Suppose -236*m - 2647 = -4*h - 237*m, 1334 = 2*h + 2*m. What is the greatest common divisor of 8085 and h?
165
Let s be -14*((-33)/2 + 3). Suppose -x + 2*x - 3 = 0. Suppose -2*u - 94 = -4*y, 0 = -3*y + 7*u - x*u + 83. What is the highest common divisor of y and s?
21
Let h = -3672 + 3804. What is the highest common divisor of 1606 and h?
22
Let p(y) = -2*y**2 + 6*y + 4. Let c be p(3). Let k be c/(-6)*(-2 + -1). Suppose 15 = k*n + 11. What is the highest common divisor of 1 and n?
1
Suppose 88*y - 3 = 91*y. Let b be -5 - 1*3/y. Let w be 14*(3 + b) + 1/(-1). What is the greatest common factor of 39 and w?
13
Let p be (-94)/(-423) + 25/9. Suppose 10*y + p = 723. What is the greatest common divisor of 18 and y?
18
Suppose -46368 = 7869*o - 7953*o. What is the greatest common divisor of o and 1836?
12
Let p = -40 + 44. Suppose n - 14 = 2*f, 2*n + 48 = 4*n + f. Suppose -g = -3*g + 4*i + n, 21 = -p*g - 5*i. Calculate the greatest common divisor of g and 11.
1
Suppose -14*g = -16*g, m = -5*g + 75. Calculate the greatest common divisor of 105 and m.
15
Let l(i) = -38*i + 42 - 29 + 41*i. Let q be l(-2). What is the greatest common divisor of 35 and q?
7
Let c(t) = 61*t + 718. Let u be c(-10). What is the highest common divisor of u and 54?
54
Let c = -24887 - -25079. Calculate the highest common factor of 2172 and c.
12
Let x = -16 - 190. Let s = 212 + x. Calculate the highest common factor of s and 6.
6
Let h(z) = 3*z**3 - 124*z**2 - 82*z + 76. Let q be h(42). Calculate the highest common divisor of q and 3560.
40
Let b(m) = 363*m - 4978. Let h be b(14). Calculate the g